 common factor of a and 27?
3
Suppose -32 = 2*t - 4*t. Suppose -3*q + 662 + 82 = 0. Let x = 392 - q. Calculate the highest common divisor of t and x.
16
Suppose u = 9*u - 272. What is the highest common divisor of u and 238?
34
Let m = 3 - -2. Suppose 0 = s - m - 0. Suppose -5*b + 80 = -s*a, -2*b = -0*b + 3*a - 12. What is the greatest common factor of b and 8?
4
Let l = 11 + 31. Let k = -28 + l. Let a(y) = 2*y - 29. Let q be a(18). What is the greatest common factor of q and k?
7
Let d be -16*(-2 - -3)*-9. What is the greatest common factor of 16 and d?
16
Let x = 449 + -126. What is the highest common factor of x and 17?
17
Let t(b) = -53*b + 3. Let l be t(-1). Let z(x) = 8*x**2 - x + 1. Let k be z(-2). Suppose -3*o + k = 2*o. What is the highest common divisor of l and o?
7
Suppose p + 5*n = -p - 10, 0 = 2*p - n - 2. Suppose p*v - 24 = -3*v. Calculate the greatest common divisor of 12 and v.
4
Suppose 2*a - 14 = 3*t - 44, -41 = -4*t + 3*a. Let o be ((-192)/(-10))/(2 + 34/(-20)). What is the highest common factor of o and t?
8
Let t(q) = -16*q + 2. Let c be t(-3). What is the greatest common divisor of 125 and c?
25
Suppose 4*r - 2*d = 46, 0*r - r + 5*d + 34 = 0. Let s(f) = 8*f - 1. Let i be s(8). Calculate the highest common divisor of r and i.
9
Suppose 22*f - 26*f + 80 = 0. What is the highest common divisor of 4 and f?
4
Let c = -3 + 5. Suppose -5*b - c*u - 27 = 0, 0 = u + 1. Let l be 408/20 - (-2)/b. Calculate the highest common factor of 2 and l.
2
Suppose 122 = -3*c + 5*t + 536, t = 4*c - 569. What is the highest common factor of c and 13?
13
Let f = 13 - 6. Suppose -37 = -2*t + 5*b + 99, -b - 128 = -2*t. What is the highest common factor of f and t?
7
Let a = 33 - 18. Calculate the highest common factor of 60 and a.
15
Let b be 8/(-20)*5/(-2). Let c be b/(3/15) + 2. What is the greatest common divisor of c and 49?
7
Suppose 2*w - 15 = w. Let u be 80/w + (-4)/(-6). What is the greatest common factor of u and 18?
6
Suppose 13 = -t - 4*f, f + 0 = -2*t + 2. What is the highest common factor of t and 12?
3
Let q = 93 + -65. Let h be 244/16 + 1/(-4). Let x = 85 - h. Calculate the highest common factor of x and q.
14
Let d = 7 + -6. Let i = 11 - d. Suppose 3*o - i = o. Calculate the greatest common factor of o and 45.
5
Let w be (-8)/(-3)*(-225)/(-12). What is the highest common divisor of 10 and w?
10
Let l(n) = -11*n**3 + n**2 + n. Let y be l(-1). Calculate the highest common factor of y and 44.
11
Suppose -5*r = -30 - 10. What is the greatest common factor of r and 4?
4
Suppose -2*x - 2*j = x - 7, 0 = -4*x + 2*j + 28. What is the highest common divisor of x and 65?
5
Let v(h) = -3*h - 7. Let w be v(-7). What is the highest common factor of w and 2?
2
Suppose 2 + 26 = 4*p. Let q = p + 17. Calculate the highest common factor of q and 60.
12
Suppose 7*d + 39 = 130. What is the highest common factor of 39 and d?
13
Let d be 1/(-2) + 2*(-452)/(-16). Let i(m) be the first derivative of m**3/3 - m**2/2 + 2*m + 1. Let s be i(4). What is the greatest common factor of d and s?
14
Suppose -263 - 241 = -4*a. Suppose -3*f = -5*g + 55, 5 = 3*f - 2*f. Calculate the highest common factor of a and g.
14
Suppose 1 = 5*t - 9. Let y be 0/((t - 0)*1). Suppose -u + y*u + 12 = 0. What is the greatest common divisor of u and 48?
12
Suppose 370 = 5*x - 5*i, -3*x = x - 2*i - 294. Let c = 39 + -72. Let p = c + x. What is the greatest common factor of p and 5?
5
Let f be (16/(-12))/(2/(-6)). Let v = 10 - f. Suppose s - 20 = 5*w, -2*s = 7*w - 2*w - 70. Calculate the greatest common factor of v and s.
6
Suppose 5*w + 22 = 3*j, 3*j - 4*j = -5*w + 6. Calculate the highest common factor of j and 70.
14
Let q(j) = -24*j - 6. Let k be q(-4). Suppose 0*n = -2*n + k. Let r be (-46)/(-10) - (-4)/10. What is the greatest common divisor of n and r?
5
Let f(z) be the third derivative of -2*z**2 + 0 - 1/2*z**3 + 0*z - 1/4*z**4. Let c be f(-3). Calculate the highest common factor of 75 and c.
15
Let z = 168 + 88. Suppose z = 4*p + 4*v, -p + 19 + 53 = -3*v. What is the highest common divisor of p and 6?
6
Let i = -5 + 8. Let n be (8/20)/(2/10). Suppose -i*m - n*m = -35. Calculate the greatest common factor of m and 49.
7
Let g(r) = 15*r - 1. Let h be g(1). Suppose 0 = f + 2*k - 116, -2*k - 25 = 3*k. Calculate the greatest common divisor of h and f.
14
Suppose -3*w + 24 = -3*b, -2 = -4*w - 3*b + 58. What is the greatest common factor of 3 and w?
3
Let v be (-7)/(-35) + (-9)/(-5). Suppose 0 = i - 2*i - v. Let a be (7/i)/(2/(-20)). Calculate the highest common factor of 14 and a.
7
Let n = -13 - -28. Let h = 21 - n. Let q be 9/((-18)/(-124)) - -4. Calculate the highest common factor of h and q.
6
Let l be (1 + 326)*3/(-9). Let x = l + 190. Calculate the greatest common factor of 9 and x.
9
Let h = 39 + -28. Let y = h - -2. Let w(q) = 144*q**3 - q**2. Let r be w(1). Calculate the greatest common divisor of y and r.
13
Let i be (1 - 2/8)/(3/132). Calculate the greatest common divisor of 66 and i.
33
Let i(z) = z + 3. Suppose 0 = -4*j + 13 + 11. Let r be i(j). Let a be (-777)/(-28) - (-3)/(-4). Calculate the greatest common divisor of r and a.
9
Let c(a) be the first derivative of 13*a**2 + a - 4. Let p be c(1). Suppose 9*u - 4*u - 45 = 0. Calculate the highest common factor of p and u.
9
Suppose 3*v = -11*v + 560. Calculate the greatest common divisor of 400 and v.
40
Let a = -4 - -6. Suppose 6*l = l + 385. Let n be (l - a)*10/15. What is the greatest common factor of 10 and n?
10
Suppose 3*b - 185 = -i, 5*b - 275 = 5*i - 0*i. Calculate the greatest common factor of 10 and b.
10
Suppose -2*b + 50 = -0*b. Let k be (5/(-4))/((-8)/64). Calculate the greatest common divisor of k and b.
5
Suppose 5*q = -0*q - 2*t + 8, -4*t + 16 = -4*q. Suppose -60 = -4*o - 4*v, -2*v - 3*v + 25 = q. Let g = -18 + 43. What is the highest common divisor of o and g?
5
Let y = -1 - -3. Suppose -2*t = 4*u - 42, -3*t - 17 = -y*u - 0*t. Let r(k) = -2*k - 6. Let h be r(-5). What is the greatest common factor of u and h?
2
Let f(j) = -8*j - 1. Let h be f(-1). Let l = -1 + h. What is the greatest common factor of l and 24?
6
Suppose 5*u + 129 = 404. Suppose 2*b - 5*w + u = 0, 4*b + 40 = -5*w + 5. Let m be 1*(-1)/3*b. What is the greatest common factor of 40 and m?
5
Suppose -4*d - d + 45 = 4*h, -2*h + 5*d = -45. Let a be ((-3)/3 - -3) + h. What is the greatest common divisor of 17 and a?
17
Suppose -25 = -2*b - 1. Calculate the greatest common divisor of 108 and b.
12
Suppose 5 = -w + 23. Calculate the highest common divisor of w and 27.
9
Let x = 134 + 6. Suppose -2*q + x = 2*q. Let r be (-21)/(-4) - 2/8. Calculate the greatest common divisor of r and q.
5
Suppose -3*b = -0*b - 54. Suppose -4*s + 18 = 3*v - b, -5*v + 3*s + 31 = 0. Calculate the greatest common factor of 24 and v.
8
Let j(u) = -u**2 - 11*u - 19. Let v be j(-7). Calculate the greatest common factor of v and 9.
9
Let m be (20/(-150))/((-2)/6)*10. What is the highest common divisor of 1 and m?
1
Let g = 19 + -3. Calculate the greatest common divisor of 8 and g.
8
Let d = -1 - 0. Let n be d/4 - 98/(-8). Calculate the highest common divisor of n and 12.
12
Let p = 26 + -15. Suppose k + f = -3*f + 119, f = -5*k + 500. Calculate the highest common divisor of k and p.
11
Let l be -5*(-6)/15 + 1. Suppose 2*x - 56 = -7*h + l*h, -x = -2*h + 20. What is the greatest common factor of h and 132?
12
Suppose -p = -0*p - 7. Let j = 214 + -200. What is the highest common divisor of p and j?
7
Suppose -5*f + 76 = 2*q - 0*f, 0 = 2*f - 8. Let t = 21 + -15. Let j be 17 - 9/t*2. Calculate the greatest common divisor of q and j.
14
Suppose -32 = 3*n - 2*b, -2*n - b = 48 - 15. Let x be (24 + -2)/(-1*1). Let a be x/(-4)*n/(-7). Calculate the highest common divisor of a and 121.
11
Let q = -11 - -19. What is the highest common divisor of q and 40?
8
Let b be (4/8)/((-2)/(-88)). Let w = 9 + -7. What is the highest common divisor of b and w?
2
Let c be 12/24 + (-107)/(-2). Suppose -2*q - 2*u + c = -7*u, 4*u + 16 = 0. What is the greatest common factor of q and 187?
17
Let k be 70/15*-27*(-8)/84. Let c be 6/(-15) + 124/10. What is the greatest common divisor of c and k?
12
Let d = 20 - 5. Calculate the highest common factor of 10 and d.
5
Let f be ((-14)/5)/((-1)/(-20)). Let 